 c(i) = 6*i + 921. What is c(-89)?
387
Let m(c) = -c**3 + 22*c**2 - 25*c + 213. Give m(15).
1413
Let o(p) = 614*p + 1658. Calculate o(-2).
430
Let f(g) = 3*g**3 + 14*g**2 - 106*g + 32. Give f(-8).
240
Let x(r) = 11*r + 784. What is x(-107)?
-393
Let y(g) = -555*g - 301. Calculate y(0).
-301
Let a(z) = -z**2 - 120*z - 1595. Calculate a(-16).
69
Let o(m) = -31228*m + 156218. Determine o(5).
78
Let s(p) = -p**3 + 283*p**2 - 3008*p + 4341. Determine s(272).
-11
Let y(p) = -10*p**2 - 2542*p - 34086. What is y(-240)?
-6
Let z(r) = 3*r**3 + 108*r**2 - 11*r - 394. What is z(-36)?
2
Let m(c) = 2*c**3 + 80*c**2 + 79*c + 66. What is m(-39)?
27
Let w(k) = 5*k**3 + 7*k**2 + 54*k - 65. Determine w(-5).
-785
Let t(i) = -i**3 - 108*i**2 - 97*i + 990. What is t(-107)?
-80
Let r(i) = i**2 + 28*i + 118. What is r(-8)?
-42
Let c(d) = d**2 + 3151*d + 136078. What is c(-44)?
-630
Let b(l) = 2*l**3 - 840*l**2 + 508*l + 138259. What is b(419)?
-11
Let k(b) = -4754*b + 41117. Calculate k(10).
-6423
Let c(b) = 62339*b + 374014. What is c(-6)?
-20
Let y(r) = -9*r**2 + 6401*r - 89211. Give y(697).
5
Let c(q) = q**2 + 397*q - 15557. What is c(37)?
501
Let m(h) = 85675*h + 599732. Determine m(-7).
7
Let g(p) = -p**3 + 24*p**2 + 171*p - 3737. Determine g(25).
-87
Let x(p) = -72433*p**2 - 289722*p + 33. Give x(-4).
-7
Let x(u) = -u**2 + 1454*u - 527149. What is x(690)?
11
Let c(b) = -108263*b + 216541. Determine c(2).
15
Let x(k) = 308*k**2 - 2517*k + 2541. Calculate x(7).
14
Let a(j) = 3*j**3 + 17*j**2 + 97*j + 113. Calculate a(-5).
-322
Let o(b) = 4*b**2 - 1784*b + 17852. Give o(10).
412
Let c(k) = k**2 + 470*k + 55549. Calculate c(-242).
373
Let l(d) = 11*d**2 + 296*d - 7886. Determine l(17).
325
Let l(c) = -c**2 + 62*c - 683. Determine l(14).
-11
Let g(u) = u**3 - 62*u**2 + 877*u + 1343. What is g(38)?
13
Let f(l) = l**3 - 39*l**2 + 376*l + 147. Determine f(18).
111
Let l(i) = -34719*i + 3159437. Determine l(91).
8
Let n(h) = -132*h - 6601. Give n(-47).
-397
Let h(n) = 842*n**2 - 3309*n - 162. Determine h(4).
74
Let y(q) = -67655*q - 202975. What is y(-3)?
-10
Let k(f) = f**2 - 54*f - 1424. Give k(51).
-1577
Let r(w) = -4324*w - 1621481. Give r(-375).
19
Let o(n) = -n**2 + 1582*n + 288204. Give o(-165).
-51
Let f(s) = -58*s + 17443. What is f(335)?
-1987
Let h(b) = -3*b**3 + 98*b**2 - 148*b + 51. What is h(1)?
-2
Let t(q) = 398*q**2 - 421*q + 418. Calculate t(1).
395
Let s(c) = -60*c**2 + 547*c + 77. What is s(10)?
-453
Let f(g) = g**2 - 106*g - 856. What is f(113)?
-65
Let y(j) = -709*j + 3741. Give y(5).
196
Let f(t) = 97919*t + 45532333. Give f(-465).
-2
Let n(k) = -254*k - 6799. Calculate n(-26).
-195
Let a(r) = r**2 + 11*r - 935. Give a(-32).
-263
Let i(d) = -2*d**3 - 7*d**2 - 59*d - 23. Calculate i(-5).
347
Let h(z) = 252371*z + 8580610. Give h(-34).
-4
Let r(z) = -3780*z - 19516. What is r(-5)?
-616
Let y(r) = -r**3 - 13*r**2 + 444*r - 3863. Calculate y(9).
-1649
Let r(u) = u**3 + 57*u**2 - 1397*u - 77755. Give r(-58).
-93
Let p(v) = -33*v**3 - 149*v**2 + 55*v + 1. Determine p(0).
1
Let c(s) = 1000976*s**2 - 2001959*s - 1. Calculate c(2).
-15
Let a(k) = 8083*k - 590011. What is a(73)?
48
Let p(q) = 334*q - 6051. Determine p(13).
-1709
Let n(y) = -512672*y + 1025347. Give n(2).
3
Let p(l) = 3*l**2 - 89635*l - 896660. Determine p(-10).
-10
Let u(r) = -44*r**2 - 4864*r - 116343. What is u(-35)?
-3
Let c(h) = -3*h**2 + 11137*h + 22274. Give c(-2).
-12
Let c(a) = -a**2 - 37*a + 6748. Give c(67).
-220
Let v(j) = -3611*j - 25059. Determine v(-7).
218
Let r(f) = 9748*f - 331424. Determine r(34).
8
Let k(i) = 5145*i + 15467. Give k(-3).
32
Let b(c) = -282*c - 5964. What is b(-21)?
-42
Let a(u) = 10*u**2 - 445*u + 4489. Give a(29).
-6
Let z(h) = -261*h - 537. What is z(0)?
-537
Let c(q) = -q**3 - 274*q**2 - 5850*q + 37511. Determine c(-250).
11
Let g(p) = 4*p**3 - 25*p**2 + 75*p - 322. Calculate g(5).
-72
Let w(a) = a**3 - 5*a**2 - 2289*a - 4567. Give w(-2).
-17
Let h(f) = -f**3 - 7*f**2 - 140*f - 997. What is h(-7)?
-17
Let k(h) = -h**2 - 5*h + 4875. What is k(-56)?
2019
Let h(u) = -34956*u + 594263. Give h(17).
11
Let n(b) = -1761*b - 433208. What is n(-246)?
-2
Let u(a) = 5598*a - 73021. What is u(13)?
-247
Let t(s) = -103*s**2 + 15548*s + 598. Determine t(151).
-157
Let l(w) = -w**3 - 11*w**2 - 239*w - 1741. What is l(-8)?
-21
Let h(n) = 50*n + 5994. What is h(-130)?
-506
Let l(b) = -484*b - 3871. Determine l(-8).
1
Let p(w) = -3*w**2 - 179753*w - 898771. Determine p(-5).
-81
Let d(y) = 28*y**2 + 39*y - 340. Give d(10).
2850
Let d(k) = 4*k**2 + 399*k - 5794. What is d(13)?
69
Let d(r) = 64*r**3 - 1280*r**2 + 26*r - 487. Determine d(20).
33
Let t(d) = -24*d**2 - 1897*d - 46. Calculate t(-79).
33
Let x(h) = h**3 + 17*h**2 + 339*h + 7134. Give x(-19).
-29
Let n(r) = -878*r - 353902. Give n(-403).
-68
Let y(v) = 2458*v - 7225. Determine y(3).
149
Let n(d) = d**2 + 7713*d - 2007198. What is n(252)?
-18
Let m(z) = -4*z**2 + 2849*z - 63430. Give m(23).
-19
Let k(x) = 18*x**2 - 9319*x + 388458. Determine k(472).
2
Let v(b) = 22*b**3 + 7*b**2 + 230*b + 628. What is v(-3)?
-593
Let d(f) = 3*f**3 + 797*f**2 - 308*f - 11181. Give d(-266).
-9
Let f(p) = -2*p**3 + 18*p**2 - 53*p + 50. What is f(7)?
-125
Let b(x) = 1297987*x - 1297996. Determine b(1).
-9
Let l(j) = j**2 - 82494*j + 907304. Determine l(11).
-9
Let u(r) = 4315361*r - 21576798. Give u(5).
7
Let w(o) = o**3 + 10*o**2 + 106*o + 670. Give w(-6).
178
Let z(p) = -11*p + 2003. What is z(33)?
1640
Let c(w) = -106*w**2 - 25*w - 45. What is c(-2)?
-419
Let i(u) = 13621*u + 95726. What is i(-7)?
379
Let o(i) = 2*i**2 + 5595*i + 160544. What is o(-29)?
-29
Let u(w) = -3287*w**2 - 170921*w + 172. Calculate u(-52).
16
Let j(o) = -2*o**3 - 256*o**2 - 754*o + 308. Give j(-125).
808
Let v(q) = -2*q**3 - 62*q**2 - 381*q - 23. What is v(-15)?
-1508
Let j(k) = -235*k**2 - 1158*k + 65. What is j(-5)?
-20
Let m(f) = -f**3 + 125*f**2 - 537*f + 51285. Determine m(124).
73
Let g(t) = -t**3 + 168*t**2 - 5952*t + 932925. Give g(166).
5
Let g(p) = 421427*p - 21492762. Give g(51).
15
Let w(c) = c**3 + 299*c**2 + 19992*c - 252. Determine w(-101).
354
Let h(o) = 4*o**3 + 363*o**2 - 1093*o. What is h(3)?
96
Let y(h) = 4*h**3 + 61*h**2 + 34*h - 251. Calculate y(-14).
253
Let w(u) = u**3 - 27*u**2 - 195*u + 47. What is w(-6)?
29
Let d(z) = -1206119*z + 1206114. Calculate d(1).
-5
Let o(n) = 100*n**3 - 4798*n**2 - 98*n + 132. What is o(48)?
36
Let v(f) = -236*f + 6331. Calculate v(29).
-513
Let c(p) = -12*p**2 + 67*p + 35. Calculate c(16).
-1965
Let j(s) = -1655*s - 100967. Determine j(-61).
-12
Let t(y) = y**3 + 188*y**2 + 2130*y + 115. Give t(-12).
-101
Let i(x) = -23582123*x - 94328491. Calculate i(-4).
1
Let f(k) = -2*k**2 + 453*k - 24523. Give f(89).
-48
Let s(t) = -374207*t - 2245248. Give s(-6).
-6
Let q(m) = 359*m + 9145. What is q(-26)?
-189
Let g(v) = 1995*v - 75778. What is g(38)?
32
Let s(l) = -l**3 + 54*l**2 + 2604*l - 140580. Calculate s(55).
-385
Let r(b) = -11*b**3 - 117*b**2 - 20*b + 332. Give r(-10).
-168
Let v(r) = -r**3 + 12*r**2 - 146*r + 768. What is v(7)?
-9
Let y(p) = -22948*p + 3832336. Determine y(167).
20
Let l(q) = 758*q - 13863. What is l(14)?
-3251
Let m(o) = -o**3 + 44*o**2 - 47*o - 1187. Calculate m(42).
367
Let q(u) = 46*u - 3091. What is q(53)?
-653
Let o(s) = -326*s**2 - 374*s + 374. Calculate o(1).
-326
Let q(y) = -300*y + 55172. Determine q(185).
-328
Let c(w) = -w**2 - 4759*w - 452221. Give c(-97).
-7
Let y(a) = 84408*a - 2025698. Give y(24).
94
Let x(c) = c**2 - 641*c + 22960. Give x(38).
46
Let k(o) = -14*o**2 - 877*o - 2178. Give k(-60).
42
Let a(t) = -3085*t - 823689. Calculate a(-267).
6
Let b(v) = -v**2 - 73*v + 8542. Give b(-136).
-26
Let q(m) = -2*m**3 + 3*m**2 - 18234*m - 18237. Determine q(-1).
2
Let d(g) = 6*g**2 + 1136*g + 52540. Give d(-109).
2
Let u(g) = -8654*g - 104279. Give u(-12).
-431
Let y(d) = 3*d**2 - 644*d - 40014. What is y(265)?
1
Let j(i) = -i**3 - 169*i**2 - 137*i + 5582. Give j(-168).
374
Let k(i) = -3*i**3 + 665*i**2 + 894*i - 560. What is k(223)?
-114
Let y(j) = j**3 - 103*j**2 + 1356*j - 24024. What is y(91)?
0
Let y(l) = -79*l**3 - 2*l**2 + 768*l - 2319. Calculate y(3).
-2166
Let b(g) = 8*g**3 - 73*g**2 - 1998*g + 359. What is b(-12)?
-1
Let f(k) = 5*k**3 - 178*k**2 + 99*k - 230. 